x + -51. What is the units digit of m?
2
Suppose -5*o - 3 = -6*o. Suppose 2*q + 311 = -2*t + 1201, -q = -o*t - 465. Suppose 0*m = -5*m + q. What is the units digit of m?
0
Let i be (-4 - 2149/(-7)) + 2*1. Let w = i - 538. Let f = -150 - w. What is the tens digit of f?
8
Suppose -s + 16435 = d, 2*d = -3011*s + 3016*s - 82126. What is the ten thousands digit of s?
1
What is the units digit of (-492)/41 - (-31671 - -1) - 2?
6
Let d be 1/(-5) - (-16)/80. Suppose -9*y + 7*y + 358 = d. What is the hundreds digit of y?
1
Let x = -53 + 56. Suppose -x*z + 803 + 28 = 3*r, 1103 = 4*z + 3*r. What is the hundreds digit of z?
2
Let l(h) = 205*h - 2 - 206*h - 2 - 3. Let o = -107 + 98. What is the units digit of l(o)?
2
What is the ten thousands digit of 75/(-75)*-7723*(2 + 4)?
4
Suppose 3*z - 754*n = -756*n + 52650, 35107 = 2*z - n. What is the thousands digit of z?
7
Let v(g) = 13*g**2 + 71*g + 71. What is the hundreds digit of v(-15)?
9
Suppose 0 = -5*h - 63 + 68. Let b(w) = 2*w**2 + 7*w. Let d be b(-3). What is the tens digit of 98 - 3 - d*h - 3?
9
Let o be ((-1)/2*-2357)/((-7)/(-14)). Let h = 3476 - o. What is the thousands digit of h?
1
Let m = 16834 - 7448. What is the thousands digit of m?
9
What is the hundreds digit of (-4 - (-26)/3)*13320/42?
4
Let a(s) = -s**3 - 5*s**2 + 4*s + 59666. What is the ten thousands digit of a(0)?
5
Let b(j) = -2*j**2 - 11*j - 20. Suppose 4*c - 16 = -y, -2*y + 6*c - 23 = 3*c. Let v be b(y). What is the tens digit of 2 - -20 - (v/(-2) - 8)?
2
Let o(v) = -3*v**3 - 73 + 39 - 9*v**2 - 6*v + 48. What is the hundreds digit of o(-6)?
3
Suppose 17*h - 311 = 165. Let g = h + 732. What is the tens digit of g?
6
Let u(r) = -1408*r + 111. What is the units digit of u(-5)?
1
Let j(h) = 15*h. Let i be 2/6 - 268/12. Let m = -18 - i. What is the tens digit of j(m)?
6
Let m = 4211 - -3577. What is the hundreds digit of m?
7
Let q(h) = 263*h + 39. Let p be q(7). Suppose -4*d = 3*z - p, 0 = 6*d - 3*d + 5*z - 1399. What is the units digit of d?
3
Suppose -4464 = 3*j - 2*q, -7*j + 1488 = -8*j - 5*q. Let s = -934 - j. What is the tens digit of s?
5
What is the thousands digit of ((-182)/105 - 8/12)*-1310?
3
Suppose -4*x + 21*g - 24*g = -3282, 3*g = x - 828. Let t = -115 + x. What is the tens digit of t?
0
Let l(g) = 2*g**3 + 88*g**2 - g + 114. What is the tens digit of l(-43)?
5
Let h = 103 + -51. Suppose -6*q + h = 7*q. Suppose q*i - 2*f - f = 293, 2*f = 4*i - 298. What is the tens digit of i?
7
Let v be (22/5)/(40/100). Suppose 2*x - 27 + v = -4*z, 0 = -x. Suppose 0 = 5*k + h - 5*h - 23, -31 = -z*k - h. What is the units digit of k?
7
Let r be -1*(-1 + -4 + 5). Suppose -y + 91 - 1355 = r. What is the tens digit of 7/(245/(-10)) + y/(-14)?
9
Suppose 15*a = -20*a + 7*a + 1137192. What is the tens digit of a?
1
Let c(o) = -2*o**2 + 22*o - 25. Let g = -26 + 36. Let h be c(g). What is the tens digit of 95 - 20/h - 3?
9
Suppose -8*f + 4*f = 4*u - 163320, -81654 = -2*u - 3*f. What is the hundreds digit of u?
8
Let a be ((-3)/9)/(0 - 3/(-9)). Let i be (51/(-34))/(a/2). Suppose 2*f - 200 = -3*f + 5*x, -5*f + i*x + 202 = 0. What is the tens digit of f?
4
Let s(p) be the first derivative of 21*p - 3*p**2 + 0*p**2 - 17 - 4*p**2 + 3*p**2. What is the units digit of s(-8)?
5
Suppose -5*f - 2*j - j - 680 = 0, 0 = -2*f + 4*j - 298. Let t = f - -154. What is the units digit of t?
5
Suppose d + 4 = 0, -d + 3571 = 3*i - 2*d. Suppose i + 311 = 3*z. What is the units digit of z?
0
Suppose 0 = 10*s + 13*s - 147591. What is the tens digit of s?
1
Let r(w) = -5*w + 12. Let o be r(0). What is the units digit of (-162)/o*4*-3*1?
2
Suppose -5*z + 4*w + 132 = 554, -5*z + 3*w = 424. Let y = 95 + z. Suppose 395 = 4*f - j, 0 = -6*j + 3*j - y. What is the units digit of f?
8
Let n(v) = 3*v**3 - 147*v**2 - 66*v + 38. What is the tens digit of n(52)?
4
Let a be -89 - (1 + 1 - 0). Suppose -263 = 4*s + 89 - 12. Let n = s - a. What is the units digit of n?
6
Let x be (-6 - -17) + (21 - -82). Let v = -11 - 53. Let f = v + x. What is the units digit of f?
0
Suppose 3*n - 17*n = 6104. Let g = n - -909. What is the units digit of g?
3
Let c(n) = 2*n - 29. Let i be c(13). What is the tens digit of (-2)/(-4)*i*(-18036)/162?
6
Suppose 0 = -18*p + p + 2312. Let w = p + 904. What is the units digit of w?
0
Suppose 0 = -50*g + 70*g - 191680. What is the thousands digit of g?
9
Let w(k) = k**3 + 7*k**2 + 3*k + 3. Let o be w(-7). What is the tens digit of (-2 - 39/o) + (-2108)/(-24)?
8
Let w = -17656 + 34678. What is the units digit of w?
2
Let a be (1 - (-6 + 8)) + (7918 - -3). Suppose -a = -11*g - 5*g. What is the tens digit of g?
9
Suppose 3*k - 1203 = 3*w, -3*w = 2*k - 1163 + 371. Suppose -2*v - k = -3*v - c, 3*v - c = 1185. What is the hundreds digit of v?
3
Let c be (-40)/6*264/(-2). Suppose 0 = -15*w + 7*w - c. Let n = w + 283. What is the hundreds digit of n?
1
Suppose f - 11 = -15. Let b be 6/f*(-4)/(-3). What is the tens digit of ((-20)/15 + b/3)*-23?
4
Let s(v) = 10*v**3 - 170*v**2 + 1606*v - 27. What is the units digit of s(10)?
3
Suppose 10*n - 13*n - 264 = 0. Let h be (n/4 + 5)*-24. Let t = -278 + h. What is the tens digit of t?
3
Suppose 16*w + 516 = 20*w. Suppose 3*a + w = 765. What is the hundreds digit of a?
2
Let m(f) = f**3 - 15*f**2 + 17*f - 18. Let k be m(14). Suppose -28823 = -17*j - k*j. What is the units digit of j?
3
Let c(g) = g**3 + 4*g**2 - g + 1. Let r(x) = 145*x**3 - 6*x**2 - 5*x - 7. Let j(m) = -c(m) - r(m). What is the hundreds digit of j(-1)?
1
Let d = 38 + -34. Suppose d*g - g = 0. Suppose 4*s - 2*v - 84 = g, 3*v = -2*s - 2*v + 66. What is the tens digit of s?
2
Let y be (-15)/(-3) + -4 + 21 + 0. Let v = y + -18. What is the tens digit of 511/v - (-6)/24?
2
Let c be (((-8)/(-1))/1)/(-2 - -4). Suppose -10*r + 11*r - 986 = -y, 0 = c*r - 2*y - 3944. What is the tens digit of r?
8
Let p(j) be the second derivative of 7*j**3/3 - 77*j**2/2 + 13*j. What is the tens digit of p(7)?
2
Let s = 326 - 322. Suppose -s*q = -1566 - 654. What is the tens digit of q?
5
Suppose -4*c - 4*z = -0*z, 0 = z. Suppose c = 8*g - 1047 - 1241. Suppose -6*q + 1438 = g. What is the units digit of q?
2
Let d(p) = 8101*p**2 - 34*p - 6. What is the units digit of d(-1)?
9
Let n(b) = -b + 9. Let k be n(-4). Let r(u) = u - k + 30*u + 32 - 9*u. What is the hundreds digit of r(5)?
1
Let p be (-4)/(-8) - (-158)/4. Let f(m) = -41*m + 18 - p*m + 72*m. What is the units digit of f(-4)?
4
Suppose x = 3*g - 3476 - 1164, -3*g - 3*x = -4656. What is the hundreds digit of g?
5
What is the units digit of (-1300)/(-26) - (0 + -2)?
2
Let a = -1936 - -1184. What is the tens digit of (-7 + a/12)/((-1)/15)?
4
Let m be (-57)/3 + (-5)/(-4)*4. Let s(x) = x**2 + 6*x - 41. What is the units digit of s(m)?
1
Suppose -42 = 4*f - 3*x - 7, -2*f - 15 = -x. Let s be 16/(-40) + 58/f. Let a(y) = -18*y - 17. What is the tens digit of a(s)?
9
Let c(z) = -88 - 91 + 27*z + 231. What is the hundreds digit of c(10)?
3
Suppose 4278 = -5*s - 3*a, -s - a - 856 = -0*s. Let q = -547 - s. What is the hundreds digit of q?
3
Let z(q) = q**3 - 9*q**2 + 5*q + 19. Let t be z(8). Let x be (-26)/(-65) + (2784/t)/2. What is the units digit of (1/2 - 1)*x?
9
Suppose q - 5 - 22 = 0. Let p = -24 + q. Suppose -3*r = -3, -5*y + 113 + 65 = p*r. What is the units digit of y?
5
Let r be (474089/(-524))/(1/(-4)). Let q = -2306 + r. What is the tens digit of q?
1
Suppose 0 = -18*z + 12*z + 3462. Suppose t - z + 70 = 0. What is the tens digit of t?
0
Suppose 0 = -3*r + 2*m + 1396, -4*r - 4*m + 1243 = -605. What is the tens digit of (r/145)/((-1)/(-65))?
0
Let x(a) = -a**3 + a**2 + 2. Let f be x(-2). Let t(b) = -8*b**3 + 19*b**3 + 7*b + 5 + 3 - 12*b**3 + f*b**2. What is the units digit of t(14)?
6
Suppose 0 = -110*m + 121*m - 25696. What is the thousands digit of m?
2
Let c(y) be the first derivative of -y**2/2 - 4*y - 10. Let u be c(-8). Suppose -3*x = -3*h + 78, -h + 54 = h - u*x. What is the tens digit of h?
2
Let a be (-6)/4*(336 - -50). Let g = a - -2110. What is the thousands digit of g?
1
Suppose 3*c = 11*c - 96. Suppose 0 = -12*u + 12 + c. Suppose 0 = 4*r - u*s - 758, 0 = 2*r + s - 82 - 303. What is the tens digit of r?
9
Suppose -4*b + 7393 = d - 10044, -3*b = -d + 17430. What is the ten thousands digit of d?
1
Let o(m) = -5*m**3 + 2*m 